= c - 2*d + 50, -5*c - 219 = -5*d + 21. Let l = c - -80. Calculate the remainder when l is divided by 21.
13
Let a(p) = p + 16. Suppose -10*h + 6*h + 32 = 0. What is the remainder when 70 is divided by a(h)?
22
Suppose 0 = 2*l - 3*l - 5. Let p(o) = 41*o - 11. Calculate the remainder when p(2) is divided by 2/l - 92/(-5).
17
Suppose b = -5*k - 3*b + 484, 2*k - 3*b = 212. Calculate the remainder when k is divided by 27.
19
Let o(j) = 4*j - 8. Suppose -8*d = l - 6*d - 18, 0 = -2*l + 5*d + 72. Calculate the remainder when l is divided by o(6).
10
Suppose -2*c - 2*w + 30 = 0, -4*c + 95 = -13*w + 10*w. Calculate the remainder when c is divided by 1.
0
Let l be 5*(-4)/(-10) - 3. Let h be 6 + 4/l + 3. Suppose h*k - 2*s - 3*s = 75, -2*s = k. Calculate the remainder when 17 is divided by k.
7
What is the remainder when ((-1393 - -7)/3)/((-1)/1) is divided by 78?
72
Suppose -717 = -5*j + 2*y, -5*j + 7*y + 733 = 9*y. Suppose 4*i - 200 = -p, -5*p + 8 - 135 = -3*i. Calculate the remainder when j is divided by i.
47
Suppose 5*f = q + 31, 2*q + 20 = 294*f - 291*f. Suppose 0 = 5*p - 2*p + 2*m - 31, 0 = p - m - 2. What is the remainder when p is divided by f?
1
Let p(n) = -3*n - 2. Let j = 14 + -16. Let f be p(j). Suppose -f*a + 7 = -1. Calculate the remainder when 4 is divided by a.
0
Suppose 0*u - 4*u = -32. Let q = 6 - 6. Suppose q = -2*l + u*l - 468. Calculate the remainder when l is divided by 27.
24
Suppose 2 = -z + 4*q + 20, -2*z + 6 = 2*q. Let o(w) = -7 - 4*w + w + z*w. What is the remainder when 19 is divided by o(6)?
8
Let r(i) = 27*i. Suppose -5276*o + 5266*o = -140. Calculate the remainder when r(3) is divided by o.
11
Let c(q) = -q**3 + 10*q**2 + 16*q - 2. Suppose -7*u = -244 + 167. Calculate the remainder when c(11) is divided by u.
9
Suppose -r = -4*r. Let k be r/(0 + 3) + 10. Suppose 39 = i - k. What is the remainder when i is divided by 10?
9
Let k(z) = z**3 + 37*z**2 + 36*z + 108. What is the remainder when k(-36) is divided by 3?
0
Let m be (-3)/1 + (12 - 6). Suppose 0*x - m*x = 0. Calculate the remainder when x - (-61 + 0 + 0) is divided by 21.
19
Let l = 12 - -5. Let z(d) = -20*d - 27. Calculate the remainder when z(-3) is divided by l.
16
Suppose 8 = 3*q - 4. Suppose -77 + 13 = -q*o. What is the remainder when 61 is divided by o?
13
Let f(w) = w**3 - 4*w**2 - 97*w + 17. Calculate the remainder when 213 is divided by f(12).
3
Let y(u) = 11 - 21*u - 14*u + 34*u. What is the remainder when 74 is divided by y(-9)?
14
Let q = 14 + -9. Let m(d) be the third derivative of d**6/120 - 4*d**5/15 + 17*d**4/24 - 17*d**3/6 - d**2. What is the remainder when m(15) is divided by q?
3
Suppose 5*f = 13*f - 328. Calculate the remainder when f is divided by 3.
2
Let f be (-9 + 0)/((-63)/84). Let o = -10 + f. Let z(k) = 2*k**3 - 2*k**2 + 3*k. What is the remainder when 53 is divided by z(o)?
11
Let x(n) = -13*n + 69. Let j(k) = 1. Let s(h) = -j(h) - x(h). Calculate the remainder when 18 is divided by s(6).
2
Let m be (-22*1/(-4))/((-1)/(-10)). Suppose -2*h = 3*l - m, -l - 96 = -6*l + h. Calculate the remainder when l is divided by 7.
5
Suppose 36*m - 5*v - 1031 = 33*m, 3*m = v + 1039. What is the remainder when m is divided by 29?
28
What is the remainder when 24 is divided by (-2)/(-41) - (-48174)/2542?
5
Suppose y = 3*y + 2*j + 4, 4*y - j = -18. Let s = 105 + y. What is the remainder when s is divided by 26?
23
Let x(k) = -k**2 + 5*k + 2. Let l be x(5). Suppose 0*n + l*n + 38 = 4*s, 39 = 4*s - 3*n. Calculate the remainder when 50 is divided by 114/s - (-2)/6.
11
Let t(l) = -l**2 + 10*l + 22. Let d be t(11). Let c = 79 - d. What is the remainder when c is divided by 23?
22
Suppose 3*x = x + 2374. Suppose 5*w - x = 358. Suppose -3*q = -0*q - w. Calculate the remainder when q is divided by 35.
33
Let n(m) = -m**3 - 2*m**2 + 2*m + 5. Let h = -33 - -54. Suppose -4*v - h = -x, 0*v - 21 = -v - 5*x. What is the remainder when n(v) is divided by 16?
13
Let d(h) be the third derivative of h**5/60 - h**4/8 - h**3/6 + 17*h**2. Calculate the remainder when 103 is divided by d(7).
22
Suppose -u - 1 + 0 = 0. Calculate the remainder when (89 + u)/(-2)*-1 is divided by 57/(-18) + 3 - 1668/(-72).
21
Let m = 32 + 20. Let w be 14 + (2 - (-2 - -8)). Calculate the remainder when m is divided by w*(0 + 1) - -1.
8
Suppose 29*s = 256 + 266. What is the remainder when 123 is divided by s?
15
Let b = 270 + -94. Calculate the remainder when b is divided by 60.
56
Let g = -5 - 15. Let o = -14 - g. What is the remainder when 9 is divided by o?
3
Let k = 174 + -54. Suppose -3*r + 4*c + k = 0, r - 79 = -r + 3*c. Let d(v) = -v**3 + 7*v**2 + 4*v - 5. What is the remainder when r is divided by d(7)?
21
Let x = -11 - -11. Let y = x + -27. Let a = y + 53. What is the remainder when a is divided by 14?
12
Suppose 103 = -4*q + 6*q - n, 3 = n. Suppose 1 + q = 3*c. What is the remainder when 52 is divided by c?
16
Let r(s) = s**3 - 10*s**2 - 11*s - 7. Let i be r(11). Let g(a) = -a**2 - 6*a + 12. What is the remainder when g(i) is divided by 3?
2
Suppose -5*y - 5*z = -4*z - 219, 0 = -4*z - 4. Let x be (-2)/(8/3) + (-4644)/(-48). Let t = -73 + x. Calculate the remainder when y is divided by t.
21
What is the remainder when 195 + 0/(-5 + (3 - -5)) is divided by 64?
3
Let n be -228*(-5)/(-15)*-1. Suppose 106 = 7*j - n. What is the remainder when 77 is divided by j?
25
Let d be (-54)/(-21) + 6/14. Suppose 4*y = -d*g + 391, y - 5*y - 5*g = -401. What is the remainder when y is divided by 16?
14
Let g(h) = 11*h**2 + 3*h - 7. Calculate the remainder when g(-3) is divided by 10.
3
Suppose q - 4 = -0*v + 2*v, -5*q + v = -65. Suppose 161 = 5*i - q. What is the remainder when i is divided by 12?
11
Suppose 56*a - 50*a = 594. What is the remainder when a is divided by 37?
25
Suppose 139*s - 138*s = 69. What is the remainder when 71 is divided by s?
2
Suppose 0 = -4*s + 3770 - 346. Calculate the remainder when 82 is divided by s/40 - (-4)/(-10).
19
Suppose c = 17 + 9. Let j(g) = 8*g**2 - 3*g. Let a be j(1). Suppose -a*d = -2*x + 154, 3*x + d = -2*d + 231. Calculate the remainder when x is divided by c.
25
Suppose -5*f + 2*c + 64 = 17, -4*f + 48 = c. What is the remainder when 116*(-2 - -7)/20 is divided by f?
7
Let b(n) = 10*n**2 - n + 2. Suppose -5*l + 8 = -2. Suppose l = -4*v - 6. What is the remainder when b(v) is divided by 16?
12
Let x be 1/(-5) - 18/10. Let w = 61 + x. Calculate the remainder when w is divided by -1 + 26*3/6.
11
Let f(b) = 31*b**2 + 13*b + 11. Suppose 0 = 4*p - 330 - 126. What is the remainder when p is divided by f(-1)?
27
Let a(c) = -c**2 - 16*c + 108. What is the remainder when 150 is divided by a(4)?
10
Suppose 3*w - 21*l + 23*l = 315, 5*w - 547 = 4*l. What is the remainder when w is divided by 20?
7
Let u = 3517 + -3509. Let j = 19 + -11. Let h = j + 4. Calculate the remainder when h is divided by u.
4
Let q(n) = 3*n**2 + 2*n - 81. What is the remainder when q(15) is divided by 90?
84
Suppose 54 = 8*i - 74. What is the remainder when 82 is divided by 4/(-1) - (-10 - i)?
16
Let h = 409 - 394. Calculate the remainder when 179 is divided by h.
14
Let u = -29 + 51. Let w = u - 4. Calculate the remainder when (((-72)/15)/(-4))/(24/1380) is divided by w.
15
Let h = 130 + -107. Suppose i - 2 = m, -13 = -5*i - 2*m + 4*m. Suppose i*c + 13 = 4*c. What is the remainder when h is divided by c?
10
Suppose 0 = -91*o + 88*o + 615. Calculate the remainder when o is divided by 11.
7
Let v(t) = 12*t**2 - 2*t - 2. Let s = -18 + 16. Calculate the remainder when v(s) is divided by 14.
8
Let b = 23 - -63. Suppose 85 + b = d. Calculate the remainder when ((-2)/3)/((-6)/d) is divided by 11.
8
Let m(p) = 2*p**3 + 30*p**2 + 2*p + 48. What is the remainder when 30 is divided by m(-15)?
12
Let a(m) = 7*m + 38. Calculate the remainder when a(7) is divided by 10.
7
Suppose -2*s - 10 = -26. Suppose 0*q = -b - 4*q - s, q + 12 = b. Calculate the remainder when 38 is divided by b.
6
What is the remainder when (-73)/365 + -2*(-1576)/10 is divided by 12?
3
Suppose -1315 - 323 = -18*b. What is the remainder when b is divided by 25?
16
Suppose -232 = -4*l + 4*j, -5*l = -3*l + 5*j - 81. Let m(d) = 2*d**2 - 12*d - 91. Calculate the remainder when l is divided by m(-5).
15
Let l(g) = g**2 - 1. Let a = 83 + -79. Suppose